ert 4 (base 11) to base 13.
4
22 (base 7) to base 4
100
Convert -1 (base 7) to base 15.
-1
What is -1 (base 9) in base 10?
-1
2001 (base 3) to base 14
3d
Convert -6 (base 12) to base 4.
-12
-52 (base 11) to base 2
-111001
1 (base 14) to base 2
1
Convert 9 (base 14) to base 9.
10
What is -30 (base 12) in base 9?
-40
What is 7 (base 12) in base 7?
10
Convert 20202 (base 3) to base 16.
b6
Convert 59 (base 12) to base 10.
69
-174 (base 15) to base 3
-110101
0 (base 12) to base 10
0
Convert -134 (base 7) to base 2.
-1001010
What is 1000 (base 4) in base 9?
71
What is -1100 (base 2) in base 14?
-c
Convert -5 (base 9) to base 6.
-5
Convert -92 (base 14) to base 6.
-332
12 (base 13) to base 14
11
Convert 0 (base 14) to base 16.
0
a (base 11) to base 8
12
-187 (base 10) to base 6
-511
What is 550 (base 7) in base 9?
341
-51 (base 8) to base 9
-45
-25 (base 6) to base 8
-21
What is 1 (base 10) in base 2?
1
What is -3 (base 16) in base 11?
-3
2 (base 3) to base 7
2
Convert -5 (base 14) to base 10.
-5
Convert 120 (base 5) to base 2.
100011
What is 1004 (base 7) in base 15?
182
Convert 10101 (base 2) to base 8.
25
Convert f1 (base 16) to base 12.
181
Convert -2 (base 16) to base 10.
-2
79 (base 15) to base 8
162
Convert -10 (base 6) to base 12.
-6
17 (base 10) to base 11
16
Convert b (base 16) to base 8.
13
What is -3 (base 5) in base 6?
-3
Convert 3f (base 16) to base 12.
53
Convert -4 (base 15) to base 14.
-4
What is 135 (base 6) in base 2?
111011
1b6 (base 12) to base 11
237
Convert -11011 (base 2) to base 14.
-1d
Convert 3 (base 10) to base 14.
3
What is 1110000 (base 2) in base 6?
304
What is -10 (base 4) in base 15?
-4
12 (base 6) to base 3
22
-50 (base 11) to base 7
-106
-14 (base 9) to base 11
-12
Convert -1 (base 5) to base 13.
-1
8 (base 16) to base 8
10
What is -300 (base 5) in base 14?
-55
Convert 7 (base 11) to base 10.
7
What is -33 (base 9) in base 7?
-42
What is 41 (base 9) in base 8?
45
What is -10 (base 9) in base 16?
-9
What is -3 (base 13) in base 14?
-3
Convert -11 (base 4) to base 2.
-101
Convert -5 (base 14) to base 3.
-12
Convert 31 (base 5) to base 4.
100
Convert -2 (base 8) to base 14.
-2
Convert -3 (base 6) to base 2.
-11
3 (base 5) to base 6
3
-1200 (base 3) to base 12
-39
Convert 102 (base 3) to base 11.
10
Convert 1 (base 12) to base 3.
1
80 (base 12) to base 5
341
What is -2 (base 12) in base 15?
-2
What is -42 (base 9) in base 13?
-2c
What is 1 (base 9) in base 13?
1
-10 (base 7) to base 14
-7
Convert -332 (base 5) to base 16.
-5c
What is 55 (base 9) in base 13?
3b
Convert -120 (base 3) to base 16.
-f
What is -1030 (base 5) in base 6?
-352
-47 (base 8) to base 13
-30
27 (base 14) to base 3
1022
What is -139 (base 12) in base 7?
-360
What is 0 (base 13) in base 8?
0
What is -12 (base 15) in base 16?
-11
Convert 6a (base 15) to base 13.
79
Convert -43 (base 6) to base 13.
-21
What is 19 (base 10) in base 14?
15
5 (base 6) to base 14
5
-4 (base 7) to base 11
-4
Convert -233 (base 7) to base 2.
-1111010
Convert 121 (base 3) to base 9.
17
What is 1000 (base 2) in base 10?
8
What is 62 (base 7) in base 14?
32
Convert -1 (base 8) to base 11.
-1
-1 (base 15) to base 7
-1
11 (base 2) to base 12
3
What is -c (base 16) in base 15?
-c
What is -104 (base 13) in base 3?
-20102
What is -16 (base 10) in base 14?
-12
Convert -1001 (base 3) to base 11.
-26
What is 20 (base 4) in base 3?
22
Convert -12 (base 9) to base 3.
-102
What is 32 (base 13) in base 3?
1112
What is 17 (base 11) in base 15?
13
-4 (base 9) to base 4
-10
Convert 102 (base 3) to base 5.
21
What is -4 (base 6) in base 12?
-4
Convert -5 (base 10) to base 9.
-5
What is -101 (base 3) in base 12?
-a
Convert -107 (base 13) to base 10.
-176
Convert -6 (base 9) to base 15.
-6
What is 3 (base 6) in base 7?
3
What is -41 (base 11) in base 13?
-36
90 (base 10) to base 12
76
Convert -10221 (base 3) to base 13.
-82
-10 (base 8) to base 9
-8
Convert 25 (base 16) to base 9.
41
What is 2 (base 8) in base 14?
2
2 (base 13) to base 12
2
-2 (base 3) to base 6
-2
Convert -2 (base 3) to base 10.
-2
-261 (base 8) to base 11
-151
28 (base 9) to base 12
22
What is 123 (base 11) in base 7?
266
What is 26 (base 11) in base 16?
1c
1b (base 12) to base 14
19
What is -3 (base 8) in base 16?
-3
Convert 100 (base 9) to base 16.
51
-29 (base 16) to base 15
-2b
What is 3100 (base 4) in base 8?
320
What is 15 (base 10) in base 7?
21
What is 21100 (base 3) in base 4?
3012
Convert 15 (base 8) to base 6.
21
Convert a1 (base 13) to base 12.
ab
Convert 29 (base 14) to base 9.
41
Convert 1 (base 8) to base 13.
1
10 (base 2) to base 6
2
3 (base 14) to base 15
3
Convert -71 (base 9) to base 16.
-40
-3 (base 13) to base 4
-3
Convert -67 (base 11) to base 2.
-1001001
What is 1 (base 4) in base 2?
1
Convert 45 (base 10) to base 8.
55
Convert 1 (base 16) to base 5.
1
What is -5c (base 16) in base 11?
-84
Convert -5 (base 13) to base 7.
-5
3 (base 4) to base 16
3
What is -20 (base 3) in base 4?
-12
-2 (base 3) to base 10
-2
-2 (base 10) to base 16
-2
21 (base 9) to base 14
15
What is 183 (base 9) in base 2?
10011100
-1 (base 9) to base 14
-1
What is 5 (base 16) in base 5?
10
What is -1 (base 7) in base 3?
-1
Convert -10 (base 15) to base 9.
-16
What is -12 (base 13) in base 16?
-f
What is -43 (base 6) in base 3?
-1000
-357 (base 8) to base 15
-10e
Convert 124 (base 5) to base 13.
30
Convert -203 (base 5) to base 14.
-3b
What is -13 (base 15) in base 5?
-33
Convert 1 (base 6) to base 14.
1
Convert 101001 (base 2) to base 7.
56
What is 14 (base 9) in base 5?
23
Convert -3 (base 12) to base 13.
-3
What is 0 (base 12) in base 10?
0
-2 (base 6) to base 3
-2
-16 (base 15) to base 2
-10101
What is -22 (base 4) in base 8?
-12
-132 (base 7) to base 15
-4c
What is 3 (base 8) in base 13?
3
13 (base 9) to base 2
1100
What is 12 (base 14) in base 4?
100
What is -2 (base 12) in base 5?
-2
3 (base 9) to base 10
3
Convert -3 (base 11) to base 14.
-3
What is 6 (base 14) in base 7?
6
Convert 3 (base 15) to base 8.
3
21 (base 3) to base 10
7
Convert 8 (base 13) to base 15.
8
Convert -5 (base 7) to base 9.
-5
What is 3 (base 4) in base 10?
3
-218 (base 9) to base 4
-2303
What is -23 (base 5) in base 13?
-10
Convert 4 (base 16) to base 9.
4
Convert -2 (base 16) to base 8.
-2
What is 13 (base 5) in base 16?
8
What is 1 (base 4) in base 9?
1
What is -5 (base 7) in base 16?
-5
Convert -23 (base 13) to base 9.
-32
What is 18 (base 13) in base 4?
111
What is -3e (base 15) in base 8?
-73
What is 1 (base 2) in base 8?
1
Convert -18 (base 13) to base 14.
-17
What is -1 (base 16) in base 11?
-1
What is 2110 (base 4) in base 14?
a8
Convert -14 (base 12) to base 14.
-12
Convert -100 (base 2) to base 14.
-4
32 (base 9) to base 6
45
Convert -410 (base 5) to base 2.
-1101001
Convert 6 (base 14) to base 9.
6
What is -4 (base 11) in base 13?
-4
Convert 53 (base 7) to base 5.
123
What is 4 (base 16) in base 7?
4
9a (base 16) to base 5
1104
0 (base 16) to base 4
0
4 (base 13) to base 9
4
1d (base 15) to base 8
34
37 (base 15) to base 12
44
What is -134 (base 9) in base 4?
-1300
Convert -1 (base 3) to base 4.
-1
-54 (base 10) to base 5
-204
b9 (base 12) to base 8
215
Convert 111 (base 3) to base 5.
23
Convert -7 (base 11) to base 5.
-12
Convert -6 (base 13) to base 14.
-6
Convert 0 (base 6) to base 7.
0
-80 (base 10) to base 13
-62
Convert -100111 (base 2) to base 11.
-36
What is 440 (base 8) in base 5?
2123
6a (base 12) to base 7
145
What is -7 (base 9) in base 5?
-12
-3 (base 13) to base 8
-3
What is 1 (base 9) in base 16?
1
Convert -1113 (base 4) to base 9.
-106
What is 45 (base 12) in base 5?
203
Convert 220 (base 6) to base 10.
84
-41 (base 15) to base 10
-61
-1 (base 9) to base 6
-1
What is 15 (base 11) in base 5?
31
232 (base 5) to base 16
43
Convert 0 (base 10) to base 13.
0
What is 5 (base 6) in base 14?
5
What is 4 (base 10) in base 3?
11
-b6 (base 12) to base 14
-9c
-2 (base 10) to base 14
-2
What is 4 (base 6) in base 8?
4
What is 301 (base 4) in base 10?
49
What is 6 (base 14) in base 11?
6
Convert 3 (base 6) to base 3.
10
What is 6e (base 15) in base 2?
1101000
Convert -5 (base 12) to base 7.
-5
Convert 71 (base 12) to base 14.
61
Convert -27 (base 15) to base 8.
-45
What is 1020 (base 4) in base 16?
48
Convert -1 (base 7) to base 13.
-1
Con